d derivative of -c**5/20 - c**4/2 + 7*c**3/6 + 2*c**2 - c. Let p be r(-7). Suppose -22 - 26 = -p*f. List the prime factors of f.
2, 3
Let k = -19 + 34. Let h be (k - 3) + (0 - -2). Suppose 4*z - 14 = h. List the prime factors of z.
7
Suppose h + f - 6 = 0, 3*h + 5*f - 6*f - 2 = 0. Let c(n) = 4*n**2 + 2. Let q be c(h). Suppose 2*a - 4 = q. List the prime factors of a.
11
Suppose 4*i + 5*d - 64 = 137, -i + 5*d + 19 = 0. List the prime factors of (i/6)/((-6)/(-9)).
11
Let t = -3 - -7. What are the prime factors of t?
2
Let v = 2 - 0. Let b = 6 - v. Let a(o) = o**3 - 2*o**2 - 5*o + 2. What are the prime factors of a(b)?
2, 7
Let w = 203 + -141. List the prime factors of w.
2, 31
Suppose -84 = 5*w + 2*l - 250, 0 = w + 5*l - 24. List the prime factors of w.
2, 17
Let f(u) = u - 2. Let m be f(6). Let j = m + -1. Suppose 0*p - j*d = 3*p - 3, -3*p + 2*d = -13. What are the prime factors of p?
3
Suppose 0 = -u - 7 + 64. List the prime factors of u.
3, 19
What are the prime factors of ((-3)/3)/(1/(-25))?
5
Let p = 34 - 1. Let j = 52 + -1. Let q = j - p. List the prime factors of q.
2, 3
Suppose -3*m - 5 = 1. Let s(z) = -11*z - 1. List the prime factors of s(m).
3, 7
Suppose j = 6*j - 750. Suppose 0 = -4*v - v + j. Suppose 2*y - v = -4*m, -2*y + 2*m = -0*y - 12. What are the prime factors of y?
3
Let u = 11 + -9. Suppose 2*s = -2*z + 38, 91 = 5*z - u*s + 6*s. List the prime factors of z.
3, 5
Suppose 2*n - 148 = -4*l - 2*n, -74 = -2*l + 3*n. What are the prime factors of l?
37
Let z(s) = 3*s - 13. Let g = -45 - -72. Let d be 237/g + 2/9. List the prime factors of z(d).
2, 7
Let f(x) = -2*x - 3. Let q(h) = h**3 - 6*h**2 + 2. Let g be q(6). Let k be ((-12)/8)/(g/4). List the prime factors of f(k).
3
Suppose -16*x - 335 = -3727. What are the prime factors of x?
2, 53
Let k(l) = -l**2 - 15*l + 5. Let w be k(-10). Suppose 15 + w = 5*t. List the prime factors of (t/6)/((-1)/(-3)).
7
Suppose 5*v - 69 = 2*v - 4*i, -5*i = 4*v - 92. Suppose 0 = -3*f + 3*l + 36, -23 = -3*f - 2*l + v. List the prime factors of f.
2, 7
Let s = 93 + -65. What are the prime factors of s?
2, 7
Let q = -85 + 270. List the prime factors of q.
5, 37
Suppose -3*z + 6*z + 125 = -2*a, -5*z - 2*a - 203 = 0. What are the prime factors of (-26)/(-4) - z/26?
2
Suppose 4*o = 5*o + 2*x - 269, -o + 5*x = -262. What are the prime factors of o?
3, 89
What are the prime factors of -3 - ((-61)/3)/(15/135)?
2, 3, 5
Let n be (-3 + 33/6)*-18. Let q = n - -76. List the prime factors of q.
31
Let s(q) be the third derivative of q**6/120 + 5*q**3 + 2*q**2. What are the prime factors of s(0)?
2, 3, 5
Suppose 2*v + 2*v = -2*o + 82, v = -5*o + 250. Let d = o + -27. Let r = d + -6. What are the prime factors of r?
2, 3
Suppose 0*m = -2*m + 28. List the prime factors of m.
2, 7
Suppose -1 + 5 = h. Let g = h + -1. Suppose -6 = -w - g. What are the prime factors of w?
3
Let m(i) = -1 - 3*i - 8 - 4. List the prime factors of m(-10).
17
Suppose 0 = -2*c - 0*c + 26. Let r = -4 + c. What are the prime factors of r?
3
Let x(t) = 6*t + 8. Let m(n) = -5*n - 7. Let j(f) = -5*m(f) - 4*x(f). Let v be j(-3). Suppose -2*g + 0*g + 16 = v. What are the prime factors of g?
2
Let w(j) = -j**3 + 4*j**2 + 5*j - 2. Let y be w(3). Suppose -2*h + 7 = h + g, -2*g - y = -3*h. What are the prime factors of -1 - (-22)/h*2?
2, 5
Let d(y) = y**3 - y + 32. Let p be -1*(0 + 0/(-4)). List the prime factors of d(p).
2
Let b = 8 + -2. List the prime factors of b.
2, 3
Let w be ((-98)/(-21))/(4/6). Let o be -3 + w/(21/132). Suppose 0 = p + 4*p - 4*v - 67, -4*p = v - o. List the prime factors of p.
11
Suppose -7*o + 1442 = 112. List the prime factors of o.
2, 5, 19
Let j = -3 - -4. Let n(x) = x**3 - 2*x**2 + 2*x - 3. Let l be n(3). List the prime factors of j*l/10*10.
2, 3
Suppose 1587 + 2544 = 17*b. What are the prime factors of b?
3
Let l be 22/(-8) + (-11)/44. Let a(u) = -u + 11. Let z be a(6). Let d = l + z. What are the prime factors of d?
2
Let h be 4/14 + 104/28. List the prime factors of (-6)/(-3) - h/(-1).
2, 3
Suppose 4*m + v + 38 = 2*v, 5*m - 2*v = -49. What are the prime factors of 3/m + (-85)/(-3)?
2, 7
Let v(n) = n**2 - 9*n - 3. Let d be v(11). Suppose 9 = 4*o - d. Suppose -o = -h - 4*p + 2, -4*h + 55 = -3*p. What are the prime factors of h?
13
Suppose 3*k - 4*k = -2*q + 17, 0 = 5*k - q + 40. Let j(s) = s + 17. Let g be j(k). Suppose -9 = -5*h - 3*o, -g = 3*o + 2*o. List the prime factors of h.
3
Let u(o) = o**3 - 13*o**2 + 18*o - 2. What are the prime factors of u(12)?
2, 5, 7
Let b(x) = x**3 + 4*x**2 - 2*x - 4. List the prime factors of b(-3).
11
What are the prime factors of 91/(8/(-2) - 13/(-3))?
3, 7, 13
Let r(h) = 6*h + 11. Let y(a) = 5*a + 11. Let c(q) = 6*r(q) - 7*y(q). Let p be c(5). Let f = p + 13. What are the prime factors of f?
7
Let x(k) = 2*k**2 - 4*k + 3. Suppose -27 = -5*d - 3*v, -4*v = -2*d - 10 - 0. List the prime factors of x(d).
3
Suppose -i + 0*v + 73 = 3*v, -3*i + 2*v = -164. What are the prime factors of i?
2, 29
Let v be 0*(-3)/(1 - 10). Suppose 0 = -v*u - 3*u, 2*i = 5*u + 12. Suppose 2*n + 5*p + i = 17, 0 = 5*n - p - 41. List the prime factors of n.
2
Suppose 0 = -4*a + 7*a - 84. List the prime factors of a.
2, 7
What are the prime factors of ((126/12)/7)/((-2)/(-92))?
3, 23
Let a be (-56)/(-6) + 16/24. What are the prime factors of a - 2/(-4)*6?
13
Let a(h) be the first derivative of h**3/3 + h + 4. What are the prime factors of a(-2)?
5
Let j(h) = 53*h**2 - h + 2. List the prime factors of j(1).
2, 3
Let r(a) = 82*a**3 + a**2. List the prime factors of r(1).
83
Suppose -18 = -2*v + 2*z, -2*v + 3*v + 5*z - 39 = 0. List the prime factors of (v + 11)*(2 + -1).
5
List the prime factors of (-187)/(-7) + (-4)/(-14).
3
Let h(s) = -s**3 - 13*s**2 - 12*s + 5. Let m be h(-12). Suppose -42 = -m*d + 3. What are the prime factors of d?
3
Let f(s) = 3*s - 5. Let a be f(-12). Let n = -20 - a. List the prime factors of n.
3, 7
Let n = 337 - 234. List the prime factors of n.
103
Suppose -6*y + 22 = -5*y. List the prime factors of y.
2, 11
Suppose -o = -3*u - 7, -3*o + 9 = -3*u - 2*u. Let v = 4 + u. What are the prime factors of v*2 + 7 + 6?
3, 5
What are the prime factors of (-1)/(-5) - (-5)/((-50)/(-168))?
17
Suppose 3*p - 18 = -0*a + 3*a, 3*a = -p + 18. Suppose k = p + 4. List the prime factors of k.
13
Let w = 241 - 130. List the prime factors of w.
3, 37
Let k be 3/6 + (-1)/(-2). Let m be k/((-2)/14)*-1. Let b = -1 + m. List the prime factors of b.
2, 3
Let x = -20 + 169. What are the prime factors of x?
149
Suppose -r = -2*r + 59. Let x = -81 - -123. Let t = r - x. List the prime factors of t.
17
Suppose -3*d + v = 5, 0*d - 4*d = -2*v + 10. Suppose 0 = -2*g - 2*q - 4, q + 3 = -4*g + 1. Suppose g = -d*i + 5*i - 55. What are the prime factors of i?
11
Let v(c) = 5*c - 17. What are the prime factors of v(7)?
2, 3
Suppose 124 = -3*o + 2*g, -o + 2*g - 33 = 3*g. Let q = -21 - o. List the prime factors of q.
17
Suppose -51*s + 54*s = 1011. What are the prime factors of s?
337
Let b be (0 - (-4)/(-2)) + 27. Let p = 26 + -8. Suppose b = 2*g - o, g - 7 = -2*o + p. What are the prime factors of g?
3, 5
Let w(h) = 41*h - 19. List the prime factors of w(6).
227
Let v = 3 - 10. Let k(p) = p**2 + 5*p - 7. List the prime factors of k(v).
7
Suppose 2 = -n - 5*x - 3, 0 = -4*x - 12. What are the prime factors of n?
2, 5
Let r(b) = -33*b + 12. What are the prime factors of r(-3)?
3, 37
List the prime factors of -26*(-1*9/6 + 1).
13
Suppose 1 = -2*k - 3. What are the prime factors of 3/k*(-88)/6?
2, 11
Suppose 5*v + p - 1209 = 0, 0 = v + 2*p - 0*p - 240. List the prime factors of v.
2, 11
Let l(c) = 9*c**2 + 3. List the prime factors of l(2).
3, 13
Let z(g) = -4*g - 77. What are the prime factors of z(-21)?
7
Let w = 1 + 6. What are the prime factors of w?
7
Let m = -14 - -22. Suppose k + m = 2*k. List the prime factors of k.
2
Let j be 12/10*5/(-1). Let g = -15 + j. Let i = g + 30. List the prime factors of i.
3
Let o(z) = 19*z + 17. List the prime factors of o(10).
3, 23
Let t(z) = -2*z - 8. Let b be t(6). Let a = 28 + b. Suppose a = p - 4. List the prime factors of p.
2, 3
Let z(m) = -m**2 - 6*m + 5. Suppose -5*o - 30 + 0 = -2*f, -2*o - 24 = -2*f. Let b be f/(-4)*(2 + 0). List the prime factors of z(b).
2, 5
Let h(m) = -4*m - 1. Let 